{"id":19,"date":"2015-12-04T21:45:36","date_gmt":"2015-12-04T20:45:36","guid":{"rendered":"https:\/\/www.3msite.il.pw.edu.pl\/?page_id=19"},"modified":"2022-12-30T12:24:40","modified_gmt":"2022-12-30T11:24:40","slug":"o-projekcie","status":"publish","type":"page","link":"https:\/\/www.3msite.il.pw.edu.pl\/?page_id=19&lang=pl","title":{"rendered":"O projekcie"},"content":{"rendered":"<p style=\"text-align: left;\"><strong>Program Erasmus+<br \/>\n<\/strong><\/p>\n<p><strong>KA220-HED \u2013 Cooperation partnerships in higher education<\/strong><\/p>\n<p style=\"text-align: left;\"><strong>Numer projektu:&nbsp;<\/strong><b>2022-1-PL01-KA220-HED-000087368<\/b><\/p>\n<p><strong>01.12.2022 \u2013 31.01.2025<\/strong><\/p>\n<p><strong>PROMOTOR:<\/strong><\/p>\n<p><a href=\"https:\/\/www.il.pw.edu.pl\/\" target=\"_blank\" rel=\"noopener noreferrer\">Politechnika Warszawska, PL<\/a><\/p>\n<p><strong>PARTNERZY:<\/strong><\/p>\n<p><a href=\"https:\/\/isparta.edu.tr\/\">Isparta Uygulamali Bilimler Universitesi, TR<\/a><\/p>\n<p><a href=\"https:\/\/www.aeebc.org\" target=\"_blank\" rel=\"noopener noreferrer\">Association of Building Surveyors and Construction Experts, IE<\/a><\/p>\n<p><a href=\"https:\/\/www.erbilproje.com\/home\/\">ERBIL PROJECT CONSULTING ENGINEERING CO.INC., TR<\/a><\/p>\n<p><a href=\"https:\/\/unisco.pl\/unisco\">Unicso Sp. z o.o., PL<\/a><\/p>\n<p>&nbsp;<\/p>\n<p><strong>KIEROWNIK PROJEKTU:<\/strong><\/p>\n<p>dr hab. in\u017c. Nabi Ibadov, Profesor uczelni<\/p>\n<p>&nbsp;<\/p>\n<p style=\"text-align: left;\"><strong>STRESZCZENIE:<\/strong><\/p>\n<p>Kontekst i t\u0142o:<\/p>\n<p>Rynek budowlany UE jest r\u00f3\u017cnorodny i obejmuje znaczn\u0105 liczb\u0119 migrant\u00f3w. Mimo to&nbsp; mog\u0105 oni napotyka\u0107 trudno\u015bci w integracji w nowym \u015brodowisku i mog\u0105 mie\u0107 trudno\u015bci w zrozumieniu i wsp\u00f3\u0142pracy z kierownictwem i miejscowymi pracownikami, kt\u00f3rzy przyzwyczajeni s\u0105 do w\u0142asnej kultury i nawyk\u00f3w dla niej charakterystycznych. Ponadto bran\u017ca budowlana ma histori\u0119 problem\u00f3w dotycz\u0105cych bezpiecze\u0144stwa i higieny pracy oraz jest istotnym \u017ar\u00f3d\u0142em zanieczyszczenia \u015brodowiska.<\/p>\n<p>Cele:<\/p>\n<p>Celem tego projektu jest u\u0142atwienie integracji migrant\u00f3w na rynku budowlanym UE i poprawa inkluzji i r\u00f3\u017cnorodno\u015bci, pomagaj\u0105c kierownictwu i pracownikom zrozumie\u0107 migrant\u00f3w i pracownik\u00f3w pochodz\u0105cych z r\u00f3\u017cnych kr\u0119g\u00f3w kulturowych, religijnych czy etnicznych. Ponadto projekt ma na celu popraw\u0119 bezpiecze\u0144stwa i higieny pracy na placach budowy, promowanie przyjaznych dla \u015brodowiska nawyk\u00f3w oraz popraw\u0119 skutecznej komunikacji i rozwi\u0105zywania konflikt\u00f3w na placach budowy.<\/p>\n<p>Cele szczeg\u00f3\u0142owe:<\/p>\n<ul>\n<li>G\u0141\u00d3WNE CELE PROJEKTU:<br \/>\nU\u0142atwienie integracji migrant\u00f3w w nowym \u015brodowisku, poprawa integracji i r\u00f3\u017cnorodno\u015bci unijnego rynku budowlanego.<br \/>\nPomoc lokalnemu kierownictwu i pracownikom w zrozumieniu migrant\u00f3w i pracownik\u00f3w z r\u00f3\u017cnych kr\u0119g\u00f3w kulturowych, religijnych czy etnicznych.<\/li>\n<li>CELE DODATKOWE:<br \/>\nPopraw poziom BHP na budowach i zapobiegaj wypadkom. Promowanie polityki zielonego \u0142adu i przyjaznych dla \u015brodowiska nawyk\u00f3w.<br \/>\nUsprawnienie efektywnej komunikacji na budowie i zwi\u0119kszenie wiedzy na temat rozwi\u0105zywania konflikt\u00f3w.<\/li>\n<\/ul>\n<p>Wp\u0142yw:<\/p>\n<p>Oczekuje si\u0119, \u017ce wp\u0142yw tego projektu b\u0119dzie znacz\u0105cy. U\u0142atwiaj\u0105c integracj\u0119 migrant\u00f3w na unijnym rynku budowlanym oraz zwi\u0119kszaj\u0105c integracj\u0119 i r\u00f3\u017cnorodno\u015b\u0107, projekt ma na celu stworzenie bardziej harmonijnego i produktywnego \u015brodowiska pracy. Ponadto, poprzez popraw\u0119 praktyk BHP oraz promowanie nawyk\u00f3w przyjaznych dla \u015brodowiska, projekt ma na celu ochron\u0119 pracownik\u00f3w i \u015brodowiska. Wreszcie, poprawiaj\u0105c komunikacj\u0119 i rozwi\u0105zywanie konflikt\u00f3w, projekt ma na celu zwi\u0119kszenie wydajno\u015bci i produktywno\u015bci na placach budowy.<\/p>\n<p>Grupy docelowe:<\/p>\n<p>G\u0142\u00f3wnymi grupami docelowymi tego projektu s\u0105 zar\u00f3wno lokalni jak i migruj\u0105cy: studenci budownictwa, pracownicy budowlani, in\u017cynierowie budowlani, sta\u017cy\u015bci budowlani, kierownicy budowy, zainteresowane strony i stowarzyszenia w sektorze budowlanym, M\u015aP i przedsi\u0119biorstwa (sektor budowlany), organizacje kszta\u0142cenia i szkolenia zawodowego oraz uniwersytety. Dodatkowo odpowiednie urz\u0119dy i organizacje zwi\u0105zane z bran\u017c\u0105 budowlan\u0105. Projekt wzbudzi\u0107 mo\u017ce r\u00f3wnie\u017c zainteresowanie innych stron, takich jak naukowcy, decydenci, czy zwykli obywatele UE.<\/p>\n<p>Ca\u0142y personel budowlany (i osoby zwi\u0105zane z budownictwem) mog\u0105 poprawi\u0107 asymilacj\u0119 i szkolenie migrant\u00f3w na budowach w UE.<\/p>\n<p>&nbsp;<\/p>\n<p>PRODUKTAMI PROJEKTU B\u0118D\u0104:<\/p>\n<p>Metodyka nauczania i podr\u0119czniki 3M dotycz\u0105ce:<br \/>\n-Prawne, techniczne i technologiczne aspekty nowoczesnego zarz\u0105dzania placem budowy,<br \/>\n-Socjologiczne aspekty budowy wieloetnicznej i wielokulturowej,<br \/>\n-BHP na budowie,<br \/>\n-Zagadnienia \u015brodowiskowe placu budowy.<br \/>\nWszystkie podr\u0119czniki b\u0119d\u0105 oparte na do\u015bwiadczeniach z 13 kraj\u00f3w, napisane w 3 j\u0119zykach (wi\u0119cej przewidzianych w przysz\u0142o\u015bci) i opracowane przez wielokulturowy zesp\u00f3\u0142 o r\u00f3\u017cnych przekonaniach, p\u0142ciach i pochodzeniu etnicznym.<\/p>\n<p>&nbsp;<\/p>\n<p>&nbsp;<\/p>\n<p>&nbsp;<\/p>\n","protected":false},"excerpt":{"rendered":"<p>Program Erasmus+ KA220-HED \u2013 Cooperation partnerships in higher education Numer projektu:&nbsp;2022-1-PL01-KA220-HED-000087368 01.12.2022 \u2013 31.01.2025 PROMOTOR: Politechnika Warszawska, PL PARTNERZY: Isparta Uygulamali Bilimler Universitesi, TR Association of Building Surveyors and Construction Experts, IE ERBIL PROJECT CONSULTING ENGINEERING CO.INC., TR Unicso Sp. z o.o., PL &nbsp; KIEROWNIK PROJEKTU: dr hab. in\u017c. Nabi Ibadov, Profesor uczelni &nbsp; STRESZCZENIE: &hellip; <a href=\"https:\/\/www.3msite.il.pw.edu.pl\/?page_id=19&#038;lang=pl\" class=\"more-link\">Continue reading <span class=\"screen-reader-text\">O projekcie<\/span> <span class=\"meta-nav\">&rarr;<\/span><\/a><\/p>\n","protected":false},"author":1,"featured_media":0,"parent":0,"menu_order":0,"comment_status":"closed","ping_status":"closed","template":"","meta":{"ngg_post_thumbnail":0,"footnotes":""},"class_list":["post-19","page","type-page","status-publish","hentry"],"_links":{"self":[{"href":"https:\/\/www.3msite.il.pw.edu.pl\/index.php?rest_route=\/wp\/v2\/pages\/19","targetHints":{"allow":["GET"]}}],"collection":[{"href":"https:\/\/www.3msite.il.pw.edu.pl\/index.php?rest_route=\/wp\/v2\/pages"}],"about":[{"href":"https:\/\/www.3msite.il.pw.edu.pl\/index.php?rest_route=\/wp\/v2\/types\/page"}],"author":[{"embeddable":true,"href":"https:\/\/www.3msite.il.pw.edu.pl\/index.php?rest_route=\/wp\/v2\/users\/1"}],"replies":[{"embeddable":true,"href":"https:\/\/www.3msite.il.pw.edu.pl\/index.php?rest_route=%2Fwp%2Fv2%2Fcomments&post=19"}],"version-history":[{"count":19,"href":"https:\/\/www.3msite.il.pw.edu.pl\/index.php?rest_route=\/wp\/v2\/pages\/19\/revisions"}],"predecessor-version":[{"id":1381,"href":"https:\/\/www.3msite.il.pw.edu.pl\/index.php?rest_route=\/wp\/v2\/pages\/19\/revisions\/1381"}],"wp:attachment":[{"href":"https:\/\/www.3msite.il.pw.edu.pl\/index.php?rest_route=%2Fwp%2Fv2%2Fmedia&parent=19"}],"curies":[{"name":"wp","href":"https:\/\/api.w.org\/{rel}","templated":true}]}}