{"id":1715,"date":"2024-01-26T15:54:21","date_gmt":"2024-01-26T14:54:21","guid":{"rendered":"https:\/\/www.3msite.il.pw.edu.pl\/?page_id=1715"},"modified":"2025-03-25T12:23:53","modified_gmt":"2025-03-25T11:23:53","slug":"indir","status":"publish","type":"page","link":"https:\/\/www.3msite.il.pw.edu.pl\/?page_id=1715&lang=tr","title":{"rendered":"\u0130ndir"},"content":{"rendered":"<p><a href=\"https:\/\/www.3msite.il.pw.edu.pl\/wp-content\/uploads\/2025\/02\/WP2-TR.jpg\"><img loading=\"lazy\" decoding=\"async\" src=\"https:\/\/www.3msite.il.pw.edu.pl\/wp-content\/uploads\/2025\/02\/WP2-TR.jpg\" alt=\"\" width=\"383\" height=\"470\" class=\"alignnone size-full wp-image-1804\" srcset=\"https:\/\/www.3msite.il.pw.edu.pl\/wp-content\/uploads\/2025\/02\/WP2-TR.jpg 383w, https:\/\/www.3msite.il.pw.edu.pl\/wp-content\/uploads\/2025\/02\/WP2-TR-244x300.jpg 244w\" sizes=\"auto, (max-width: 383px) 100vw, 383px\" \/><\/a><\/p>\n<p><code><div class=\"kcc_block\" title=\"Link:\" onclick=\"document.location.href='https:\/\/www.3msite.il.pw.edu.pl?download=1&#038;kccpid=1715&#038;kcccount=https:\/\/chmura.il.pw.edu.pl\/index.php\/s\/8mNetPsZa3nZ6dz'\">\r\n\t<img decoding=\"async\" class=\"alignleft\" src=\"https:\/\/www.3msite.il.pw.edu.pl\/wp-content\/plugins\/kama-clic-counter\/assets\/icons\/default.png\" alt=\"\" \/>\r\n\r\n\t<div class=\"kcc_info_wrap\">\r\n\t\t<a class=\"kcc_link\" href=\"https:\/\/www.3msite.il.pw.edu.pl?download=1&#038;kccpid=1715&#038;kcccount=https:\/\/chmura.il.pw.edu.pl\/index.php\/s\/8mNetPsZa3nZ6dz\" title=\"chmura.il.pw.edu.pl\/index.php\/s\/8mNetPsZa3nZ6dz\">Link: WP2 - \u00d6\u011eRENME Y\u00d6NTEM\u0130<\/a>\r\n\t\t<div class=\"kcc_desc\"><\/div>\r\n\t\t<div class=\"kcc_info\">Link clicks: 269<\/div>\r\n\t<\/div>\r\n\t\r\n<\/div>\r\n\r\n<style>\r\n\t.kcc_block{ position:relative; padding:1em 0 2em; transition:background-color 0.4s; cursor:pointer; }\r\n\t.kcc_block img{ float:left; width:2.1em; height:auto; margin:0; border:0px !important; box-shadow:none !important; }\r\n\t.kcc_block .kcc_info_wrap{ padding-left:1em; margin-left:2.1em; }\r\n\t.kcc_block a{ border-bottom:0; }\r\n\t.kcc_block a.kcc_link{ text-decoration:none; display:block; font-size:150%; line-height:1.2; }\r\n\t.kcc_block .kcc_desc{ color:#666; }\r\n\t.kcc_block .kcc_info{ font-size:80%; color:#aaa; }\r\n\t.kcc_block:hover a{ text-decoration:none !important; }\r\n\t.kcc_block .kcc-edit-link{ position:absolute; top:0; right:.2em; }\r\n\t.kcc_block:after{ content:\"\"; display:table; clear:both; }\r\n<\/style><\/code><\/p>\n<p><a href=\"https:\/\/www.3msite.il.pw.edu.pl\/wp-content\/uploads\/2025\/02\/WP3-TR.jpg\"><img loading=\"lazy\" decoding=\"async\" src=\"https:\/\/www.3msite.il.pw.edu.pl\/wp-content\/uploads\/2025\/02\/WP3-TR.jpg\" alt=\"\" width=\"461\" height=\"457\" class=\"alignnone size-full wp-image-1806\" srcset=\"https:\/\/www.3msite.il.pw.edu.pl\/wp-content\/uploads\/2025\/02\/WP3-TR.jpg 461w, https:\/\/www.3msite.il.pw.edu.pl\/wp-content\/uploads\/2025\/02\/WP3-TR-300x297.jpg 300w, https:\/\/www.3msite.il.pw.edu.pl\/wp-content\/uploads\/2025\/02\/WP3-TR-150x150.jpg 150w\" sizes=\"auto, (max-width: 461px) 100vw, 461px\" \/><\/a><\/p>\n<p><code><div class=\"kcc_block\" title=\"Link:\" onclick=\"document.location.href='https:\/\/www.3msite.il.pw.edu.pl?download=1&#038;kccpid=1715&#038;kcccount=https:\/\/chmura.il.pw.edu.pl\/index.php\/s\/3SgtaJM7ZrFaCAk'\">\r\n\t<img decoding=\"async\" class=\"alignleft\" src=\"https:\/\/www.3msite.il.pw.edu.pl\/wp-content\/plugins\/kama-clic-counter\/assets\/icons\/default.png\" alt=\"\" \/>\r\n\r\n\t<div class=\"kcc_info_wrap\">\r\n\t\t<a class=\"kcc_link\" href=\"https:\/\/www.3msite.il.pw.edu.pl?download=1&#038;kccpid=1715&#038;kcccount=https:\/\/chmura.il.pw.edu.pl\/index.php\/s\/3SgtaJM7ZrFaCAk\" title=\"chmura.il.pw.edu.pl\/index.php\/s\/3SgtaJM7ZrFaCAk\">Link: WP3 - MANUEL<\/a>\r\n\t\t<div class=\"kcc_desc\"><\/div>\r\n\t\t<div class=\"kcc_info\">Link clicks: 267<\/div>\r\n\t<\/div>\r\n\t\r\n<\/div>\r\n\r\n<style>\r\n\t.kcc_block{ position:relative; padding:1em 0 2em; transition:background-color 0.4s; cursor:pointer; }\r\n\t.kcc_block img{ float:left; width:2.1em; height:auto; margin:0; border:0px !important; box-shadow:none !important; }\r\n\t.kcc_block .kcc_info_wrap{ padding-left:1em; margin-left:2.1em; }\r\n\t.kcc_block a{ border-bottom:0; }\r\n\t.kcc_block a.kcc_link{ text-decoration:none; display:block; font-size:150%; line-height:1.2; }\r\n\t.kcc_block .kcc_desc{ color:#666; }\r\n\t.kcc_block .kcc_info{ font-size:80%; color:#aaa; }\r\n\t.kcc_block:hover a{ text-decoration:none !important; }\r\n\t.kcc_block .kcc-edit-link{ position:absolute; top:0; right:.2em; }\r\n\t.kcc_block:after{ content:\"\"; display:table; clear:both; }\r\n<\/style><\/code><\/p>\n<p><a href=\"https:\/\/www.3msite.il.pw.edu.pl\/wp-content\/uploads\/2025\/02\/WP4-TR.jpg\"><img loading=\"lazy\" decoding=\"async\" src=\"https:\/\/www.3msite.il.pw.edu.pl\/wp-content\/uploads\/2025\/02\/WP4-TR.jpg\" alt=\"\" width=\"455\" height=\"444\" class=\"alignnone size-full wp-image-1807\" srcset=\"https:\/\/www.3msite.il.pw.edu.pl\/wp-content\/uploads\/2025\/02\/WP4-TR.jpg 455w, https:\/\/www.3msite.il.pw.edu.pl\/wp-content\/uploads\/2025\/02\/WP4-TR-300x293.jpg 300w\" sizes=\"auto, (max-width: 455px) 100vw, 455px\" \/><\/a><\/p>\n<p><code><div class=\"kcc_block\" title=\"Link:\" onclick=\"document.location.href='https:\/\/www.3msite.il.pw.edu.pl?download=1&#038;kccpid=1715&#038;kcccount=https:\/\/chmura.il.pw.edu.pl\/index.php\/s\/c2mwiyRetc5WXb9'\">\r\n\t<img decoding=\"async\" class=\"alignleft\" src=\"https:\/\/www.3msite.il.pw.edu.pl\/wp-content\/plugins\/kama-clic-counter\/assets\/icons\/default.png\" alt=\"\" \/>\r\n\r\n\t<div class=\"kcc_info_wrap\">\r\n\t\t<a class=\"kcc_link\" href=\"https:\/\/www.3msite.il.pw.edu.pl?download=1&#038;kccpid=1715&#038;kcccount=https:\/\/chmura.il.pw.edu.pl\/index.php\/s\/c2mwiyRetc5WXb9\" title=\"chmura.il.pw.edu.pl\/index.php\/s\/c2mwiyRetc5WXb9\">Link: WP4 - MANUEL<\/a>\r\n\t\t<div class=\"kcc_desc\"><\/div>\r\n\t\t<div class=\"kcc_info\">Link clicks: 269<\/div>\r\n\t<\/div>\r\n\t\r\n<\/div>\r\n\r\n<style>\r\n\t.kcc_block{ position:relative; padding:1em 0 2em; transition:background-color 0.4s; cursor:pointer; }\r\n\t.kcc_block img{ float:left; width:2.1em; height:auto; margin:0; border:0px !important; box-shadow:none !important; }\r\n\t.kcc_block .kcc_info_wrap{ padding-left:1em; margin-left:2.1em; }\r\n\t.kcc_block a{ border-bottom:0; }\r\n\t.kcc_block a.kcc_link{ text-decoration:none; display:block; font-size:150%; line-height:1.2; }\r\n\t.kcc_block .kcc_desc{ color:#666; }\r\n\t.kcc_block .kcc_info{ font-size:80%; color:#aaa; }\r\n\t.kcc_block:hover a{ text-decoration:none !important; }\r\n\t.kcc_block .kcc-edit-link{ position:absolute; top:0; right:.2em; }\r\n\t.kcc_block:after{ content:\"\"; display:table; clear:both; }\r\n<\/style><\/code><\/p>\n<p><a href=\"https:\/\/www.3msite.il.pw.edu.pl\/wp-content\/uploads\/2025\/02\/WP5-TR.jpg\"><img loading=\"lazy\" decoding=\"async\" src=\"https:\/\/www.3msite.il.pw.edu.pl\/wp-content\/uploads\/2025\/02\/WP5-TR.jpg\" alt=\"\" width=\"394\" height=\"453\" class=\"alignnone size-full wp-image-1808\" srcset=\"https:\/\/www.3msite.il.pw.edu.pl\/wp-content\/uploads\/2025\/02\/WP5-TR.jpg 394w, https:\/\/www.3msite.il.pw.edu.pl\/wp-content\/uploads\/2025\/02\/WP5-TR-261x300.jpg 261w\" sizes=\"auto, (max-width: 394px) 100vw, 394px\" \/><\/a><\/p>\n<p><code><div class=\"kcc_block\" title=\"Link:\" onclick=\"document.location.href='https:\/\/www.3msite.il.pw.edu.pl?download=1&#038;kccpid=1715&#038;kcccount=https:\/\/chmura.il.pw.edu.pl\/index.php\/s\/ACefEjAjsNdXTo4'\">\r\n\t<img decoding=\"async\" class=\"alignleft\" src=\"https:\/\/www.3msite.il.pw.edu.pl\/wp-content\/plugins\/kama-clic-counter\/assets\/icons\/default.png\" alt=\"\" \/>\r\n\r\n\t<div class=\"kcc_info_wrap\">\r\n\t\t<a class=\"kcc_link\" href=\"https:\/\/www.3msite.il.pw.edu.pl?download=1&#038;kccpid=1715&#038;kcccount=https:\/\/chmura.il.pw.edu.pl\/index.php\/s\/ACefEjAjsNdXTo4\" title=\"chmura.il.pw.edu.pl\/index.php\/s\/ACefEjAjsNdXTo4\">Link: WP5 - MANUEL<\/a>\r\n\t\t<div class=\"kcc_desc\"><\/div>\r\n\t\t<div class=\"kcc_info\">Link clicks: 254<\/div>\r\n\t<\/div>\r\n\t\r\n<\/div>\r\n\r\n<style>\r\n\t.kcc_block{ position:relative; padding:1em 0 2em; transition:background-color 0.4s; cursor:pointer; }\r\n\t.kcc_block img{ float:left; width:2.1em; height:auto; margin:0; border:0px !important; box-shadow:none !important; }\r\n\t.kcc_block .kcc_info_wrap{ padding-left:1em; margin-left:2.1em; }\r\n\t.kcc_block a{ border-bottom:0; }\r\n\t.kcc_block a.kcc_link{ text-decoration:none; display:block; font-size:150%; line-height:1.2; }\r\n\t.kcc_block .kcc_desc{ color:#666; }\r\n\t.kcc_block .kcc_info{ font-size:80%; color:#aaa; }\r\n\t.kcc_block:hover a{ text-decoration:none !important; }\r\n\t.kcc_block .kcc-edit-link{ position:absolute; top:0; right:.2em; }\r\n\t.kcc_block:after{ content:\"\"; display:table; clear:both; }\r\n<\/style><\/code><\/p>\n<p><a href=\"https:\/\/www.3msite.il.pw.edu.pl\/wp-content\/uploads\/2025\/03\/5.2tr.jpg\"><img loading=\"lazy\" decoding=\"async\" src=\"https:\/\/www.3msite.il.pw.edu.pl\/wp-content\/uploads\/2025\/03\/5.2tr.jpg\" alt=\"\" width=\"394\" height=\"453\" class=\"alignnone size-full wp-image-1808\" \/><\/a><\/p>\n<p><code><div class=\"kcc_block\" title=\"Link:\" onclick=\"document.location.href='https:\/\/www.3msite.il.pw.edu.pl?download=1&#038;kccpid=1715&#038;kcccount=https:\/\/chmura.il.pw.edu.pl\/index.php\/s\/RGMjNXzHzg2pNDH'\">\r\n\t<img decoding=\"async\" class=\"alignleft\" src=\"https:\/\/www.3msite.il.pw.edu.pl\/wp-content\/plugins\/kama-clic-counter\/assets\/icons\/default.png\" alt=\"\" \/>\r\n\r\n\t<div class=\"kcc_info_wrap\">\r\n\t\t<a class=\"kcc_link\" href=\"https:\/\/www.3msite.il.pw.edu.pl?download=1&#038;kccpid=1715&#038;kcccount=https:\/\/chmura.il.pw.edu.pl\/index.php\/s\/RGMjNXzHzg2pNDH\" title=\"chmura.il.pw.edu.pl\/index.php\/s\/RGMjNXzHzg2pNDH\">Link: WP5.2 - MANUEL<\/a>\r\n\t\t<div class=\"kcc_desc\"><\/div>\r\n\t\t<div class=\"kcc_info\">Link clicks: 233<\/div>\r\n\t<\/div>\r\n\t\r\n<\/div>\r\n\r\n<style>\r\n\t.kcc_block{ position:relative; padding:1em 0 2em; transition:background-color 0.4s; cursor:pointer; }\r\n\t.kcc_block img{ float:left; width:2.1em; height:auto; margin:0; border:0px !important; box-shadow:none !important; }\r\n\t.kcc_block .kcc_info_wrap{ padding-left:1em; margin-left:2.1em; }\r\n\t.kcc_block a{ border-bottom:0; }\r\n\t.kcc_block a.kcc_link{ text-decoration:none; display:block; font-size:150%; line-height:1.2; }\r\n\t.kcc_block .kcc_desc{ color:#666; }\r\n\t.kcc_block .kcc_info{ font-size:80%; color:#aaa; }\r\n\t.kcc_block:hover a{ text-decoration:none !important; }\r\n\t.kcc_block .kcc-edit-link{ position:absolute; top:0; right:.2em; }\r\n\t.kcc_block:after{ content:\"\"; display:table; clear:both; }\r\n<\/style><\/code><\/p>\n<p><a href=\"https:\/\/www.3msite.il.pw.edu.pl\/wp-content\/uploads\/2025\/02\/WP6-TR.jpg\"><img loading=\"lazy\" decoding=\"async\" src=\"https:\/\/www.3msite.il.pw.edu.pl\/wp-content\/uploads\/2025\/02\/WP6-TR.jpg\" alt=\"\" width=\"484\" height=\"462\" class=\"alignnone size-full wp-image-1809\" srcset=\"https:\/\/www.3msite.il.pw.edu.pl\/wp-content\/uploads\/2025\/02\/WP6-TR.jpg 484w, https:\/\/www.3msite.il.pw.edu.pl\/wp-content\/uploads\/2025\/02\/WP6-TR-300x286.jpg 300w\" sizes=\"auto, (max-width: 484px) 100vw, 484px\" \/><\/a><\/p>\n<p><code><div class=\"kcc_block\" title=\"Link:\" onclick=\"document.location.href='https:\/\/www.3msite.il.pw.edu.pl?download=1&#038;kccpid=1715&#038;kcccount=https:\/\/chmura.il.pw.edu.pl\/index.php\/s\/7sZjW4HafGDRtzM'\">\r\n\t<img decoding=\"async\" class=\"alignleft\" src=\"https:\/\/www.3msite.il.pw.edu.pl\/wp-content\/plugins\/kama-clic-counter\/assets\/icons\/default.png\" alt=\"\" \/>\r\n\r\n\t<div class=\"kcc_info_wrap\">\r\n\t\t<a class=\"kcc_link\" href=\"https:\/\/www.3msite.il.pw.edu.pl?download=1&#038;kccpid=1715&#038;kcccount=https:\/\/chmura.il.pw.edu.pl\/index.php\/s\/7sZjW4HafGDRtzM\" title=\"chmura.il.pw.edu.pl\/index.php\/s\/7sZjW4HafGDRtzM\">Link: WP6 - MANUEL<\/a>\r\n\t\t<div class=\"kcc_desc\"><\/div>\r\n\t\t<div class=\"kcc_info\">Link clicks: 271<\/div>\r\n\t<\/div>\r\n\t\r\n<\/div>\r\n\r\n<style>\r\n\t.kcc_block{ position:relative; padding:1em 0 2em; transition:background-color 0.4s; cursor:pointer; }\r\n\t.kcc_block img{ float:left; width:2.1em; height:auto; margin:0; border:0px !important; box-shadow:none !important; }\r\n\t.kcc_block .kcc_info_wrap{ padding-left:1em; margin-left:2.1em; }\r\n\t.kcc_block a{ border-bottom:0; }\r\n\t.kcc_block a.kcc_link{ text-decoration:none; display:block; font-size:150%; line-height:1.2; }\r\n\t.kcc_block .kcc_desc{ color:#666; }\r\n\t.kcc_block .kcc_info{ font-size:80%; color:#aaa; }\r\n\t.kcc_block:hover a{ text-decoration:none !important; }\r\n\t.kcc_block .kcc-edit-link{ position:absolute; top:0; right:.2em; }\r\n\t.kcc_block:after{ content:\"\"; display:table; clear:both; }\r\n<\/style><\/code><\/p>\n","protected":false},"excerpt":{"rendered":"","protected":false},"author":1,"featured_media":0,"parent":0,"menu_order":0,"comment_status":"closed","ping_status":"closed","template":"","meta":{"ngg_post_thumbnail":0,"footnotes":""},"class_list":["post-1715","page","type-page","status-publish","hentry"],"_links":{"self":[{"href":"https:\/\/www.3msite.il.pw.edu.pl\/index.php?rest_route=\/wp\/v2\/pages\/1715","targetHints":{"allow":["GET"]}}],"collection":[{"href":"https:\/\/www.3msite.il.pw.edu.pl\/index.php?rest_route=\/wp\/v2\/pages"}],"about":[{"href":"https:\/\/www.3msite.il.pw.edu.pl\/index.php?rest_route=\/wp\/v2\/types\/page"}],"author":[{"embeddable":true,"href":"https:\/\/www.3msite.il.pw.edu.pl\/index.php?rest_route=\/wp\/v2\/users\/1"}],"replies":[{"embeddable":true,"href":"https:\/\/www.3msite.il.pw.edu.pl\/index.php?rest_route=%2Fwp%2Fv2%2Fcomments&post=1715"}],"version-history":[{"count":5,"href":"https:\/\/www.3msite.il.pw.edu.pl\/index.php?rest_route=\/wp\/v2\/pages\/1715\/revisions"}],"predecessor-version":[{"id":1848,"href":"https:\/\/www.3msite.il.pw.edu.pl\/index.php?rest_route=\/wp\/v2\/pages\/1715\/revisions\/1848"}],"wp:attachment":[{"href":"https:\/\/www.3msite.il.pw.edu.pl\/index.php?rest_route=%2Fwp%2Fv2%2Fmedia&parent=1715"}],"curies":[{"name":"wp","href":"https:\/\/api.w.org\/{rel}","templated":true}]}}